{"id":94,"date":"2017-02-25T15:49:15","date_gmt":"2017-02-25T14:49:15","guid":{"rendered":"http:\/\/vgp-services.fr\/?page_id=94"},"modified":"2020-01-07T20:36:03","modified_gmt":"2020-01-07T19:36:03","slug":"levage","status":"publish","type":"page","link":"https:\/\/vgp-services.fr\/index.php\/levage\/","title":{"rendered":"Levage : principe et r\u00e9glementation"},"content":{"rendered":"\n<figure class=\"wp-block-image size-large\"><img decoding=\"async\" loading=\"lazy\" width=\"1024\" height=\"768\" src=\"http:\/\/vgp-services.fr\/wp-content\/uploads\/2020\/01\/IMG_0419-1024x768.jpg\" alt=\"\" class=\"wp-image-281\" srcset=\"https:\/\/vgp-services.fr\/wp-content\/uploads\/2020\/01\/IMG_0419-1024x768.jpg 1024w, https:\/\/vgp-services.fr\/wp-content\/uploads\/2020\/01\/IMG_0419-300x225.jpg 300w, https:\/\/vgp-services.fr\/wp-content\/uploads\/2020\/01\/IMG_0419-768x576.jpg 768w, https:\/\/vgp-services.fr\/wp-content\/uploads\/2020\/01\/IMG_0419-1536x1152.jpg 1536w, https:\/\/vgp-services.fr\/wp-content\/uploads\/2020\/01\/IMG_0419-2048x1536.jpg 2048w\" sizes=\"(max-width: 767px) 89vw, (max-width: 1000px) 54vw, (max-width: 1071px) 543px, 580px\" \/><\/figure>\n\n\n<p><strong><img decoding=\"async\" loading=\"lazy\" class=\"alignnone size-full wp-image-84\" src=\"http:\/\/vgp-services.fr\/wp-content\/uploads\/2017\/02\/cropped-cropped-t\u00e9l\u00e9chargement-1.jpg\" alt=\"\" width=\"250\" height=\"250\" srcset=\"https:\/\/vgp-services.fr\/wp-content\/uploads\/2017\/02\/cropped-cropped-t\u00e9l\u00e9chargement-1.jpg 250w, https:\/\/vgp-services.fr\/wp-content\/uploads\/2017\/02\/cropped-cropped-t\u00e9l\u00e9chargement-1-150x150.jpg 150w, https:\/\/vgp-services.fr\/wp-content\/uploads\/2017\/02\/cropped-cropped-t\u00e9l\u00e9chargement-1-100x100.jpg 100w\" sizes=\"(max-width: 250px) 100vw, 250px\" \/><\/strong><\/p>\n<p><strong><span style=\"vertical-align: inherit;\"><span style=\"vertical-align: inherit;\"><span style=\"vertical-align: inherit;\"><span style=\"vertical-align: inherit;\"><span style=\"vertical-align: inherit;\"><span style=\"vertical-align: inherit;\">La visite g\u00e9n\u00e9rale p\u00e9riodique des v\u00e9rifications par appareil (VGP)\u00a0<\/span><\/span><\/span><\/span><\/span><\/span><\/strong><\/p>\n<p><strong><span style=\"vertical-align: inherit;\"><span style=\"vertical-align: inherit;\"><span style=\"vertical-align: inherit;\"><span style=\"vertical-align: inherit;\"><span style=\"vertical-align: inherit;\"><span style=\"vertical-align: inherit;\">Le contr\u00f4le se fait tous les 6 mois sur:<\/span><\/span><\/span><\/span><\/span><\/span><\/strong><\/p>\n<p><span style=\"vertical-align: inherit;\"><span style=\"vertical-align: inherit;\"><span style=\"vertical-align: inherit;\"><span style=\"vertical-align: inherit;\"><span style=\"vertical-align: inherit;\"><span style=\"vertical-align: inherit;\">Tous les engins destin\u00e9s \u00e0 effectuer des op\u00e9rations de levage, c&#8217;est \u00e0 dire:<\/span><\/span><\/span><\/span><\/span><\/span><\/p>\n<p><span style=\"vertical-align: inherit;\"><span style=\"vertical-align: inherit;\"><span style=\"vertical-align: inherit;\"><span style=\"vertical-align: inherit;\"><span style=\"vertical-align: inherit;\"><span style=\"vertical-align: inherit;\">Les t\u00e9lescopiques, les chariots \u00e9l\u00e9vateurs, les hayons \u00e9l\u00e9vateurs, les grues de chargement, les engins de terrassement \u00e9quip\u00e9s de fonction de levage, les chargeurs frontaux sur tracteur par exemple ou les plaques-formes \u00e9l\u00e9vatrices mobiles de personnel (nacelles, PEMP), table \u00e9l\u00e9vatrice &#8230;.<\/span><\/span><\/span><\/span><\/span><\/span><\/p>\n<p><strong><span style=\"vertical-align: inherit;\"><span style=\"vertical-align: inherit;\"><span style=\"vertical-align: inherit;\"><span style=\"vertical-align: inherit;\"><span style=\"vertical-align: inherit;\"><span style=\"vertical-align: inherit;\">Les contr\u00f4les tous les 12 mois sur:<\/span><\/span><\/span><\/span><\/span><\/span><\/strong><\/p>\n<p><span style=\"vertical-align: inherit;\"><span style=\"vertical-align: inherit;\"><span style=\"vertical-align: inherit;\"><span style=\"vertical-align: inherit;\"><span style=\"vertical-align: inherit;\"><span style=\"vertical-align: inherit;\">Tous les engins de chantiers n&#8217;effectuent aucune op\u00e9ration de levage:<\/span><\/span><\/span><\/span><\/span><\/span><\/p>\n<p><span style=\"vertical-align: inherit;\"><span style=\"vertical-align: inherit;\"><span style=\"vertical-align: inherit;\"><span style=\"vertical-align: inherit;\"><span style=\"vertical-align: inherit;\"><span style=\"vertical-align: inherit;\">Les pelles, les mini pelles, les chargeuses, les tracto-pelles\u2026<\/span><\/span><\/span><\/span><\/span><\/span><\/p>\n<p><span style=\"vertical-align: inherit;\"><span style=\"vertical-align: inherit;\"><span style=\"vertical-align: inherit;\"><span style=\"vertical-align: inherit;\"><span style=\"vertical-align: inherit;\"><span style=\"vertical-align: inherit;\">Mais aussi sur les ponts roulants (tous les 6 mois pour les changements de site, appareil sans support particulier), portique de chantier, les accessoires de levage (\u00e9lingues en c\u00e2ble, cha\u00eene et fibre textile, dispositif de pr\u00e9hension de charge: palonnier, pince &#8230;)<\/span><\/span><\/span><\/span><\/span><\/span><\/p>\n<h2><strong><span style=\"vertical-align: inherit;\"><span style=\"vertical-align: inherit;\"><span style=\"vertical-align: inherit;\"><span style=\"vertical-align: inherit;\"><span style=\"vertical-align: inherit;\"><span style=\"vertical-align: inherit;\">Textes r\u00e9glementaires:<\/span><\/span><\/span><\/span><\/span><\/span><\/strong><\/h2>\n<h2><a href=\"http:\/\/www.legifrance.gouv.fr\/affichTexte.do?cidTexte=JORFTEXT000000439029&amp;dateTexte=\" target=\"_blank\" rel=\"noopener noreferrer\"><span style=\"vertical-align: inherit;\"><span style=\"vertical-align: inherit;\"><span style=\"vertical-align: inherit;\"><span style=\"vertical-align: inherit;\"><span style=\"vertical-align: inherit;\"><span style=\"vertical-align: inherit;\">Arr\u00eat\u00e9 du 1 mars 2004 relatif aux v\u00e9rifications des appareils et accessoires de levage<\/span><\/span><\/span><\/span><\/span><\/span><\/a><\/h2>\n<p><strong><span style=\"vertical-align: inherit;\"><span style=\"vertical-align: inherit;\"><span style=\"vertical-align: inherit;\"><span style=\"vertical-align: inherit;\"><span style=\"vertical-align: inherit;\"><span style=\"vertical-align: inherit;\">La mise en service:<\/span><\/span><\/span><\/span><\/span><\/span><\/strong><\/p>\n<div class=\"side_pad_left\">\n<section class=\"text_content grid_7\">\n<section class=\"box open\">\n<div class=\"clear\"><span style=\"font-size: 1rem;\"><span style=\"vertical-align: inherit;\"><span style=\"vertical-align: inherit;\"><span style=\"vertical-align: inherit;\"><span style=\"vertical-align: inherit;\"><span style=\"vertical-align: inherit;\"><span style=\"vertical-align: inherit;\">Cette v\u00e9rification est obligatoire lors de la mise sur le march\u00e9 de l&#8217;appareil (appareil neuf) ou lorsque l&#8217;appareil n&#8217;est pas conforme aux normes europ\u00e9ennes (CE).<\/span><\/span><\/span><\/span><\/span><\/span><\/span><\/div>\n<div class=\"clear\"><span style=\"vertical-align: inherit;\"><span style=\"vertical-align: inherit;\"><span style=\"vertical-align: inherit;\"><span style=\"vertical-align: inherit;\"><span style=\"vertical-align: inherit;\"><span style=\"vertical-align: inherit;\">Dans la plupart des cas, elle est r\u00e9alis\u00e9e par le fabriquant.<\/span><\/span><\/span><\/span><\/span><\/span><\/div>\n<div class=\"clear\"><span style=\"vertical-align: inherit;\"><span style=\"vertical-align: inherit;\">Cette v\u00e9rification consiste en une s\u00e9rie d&#8217;examens visuels et fonctionnels, s&#8217;assurant que l&#8217;appareil r\u00e9pond aux conditions d&#8217;utilisation, qu&#8217;il est mont\u00e9 de fa\u00e7on s\u00fbre, et que tous les \u00e9l\u00e9ments fonctionnels test\u00e9s dans les conditions les plus d\u00e9favorables r\u00e9pondent \u00e0 la capacit\u00e9 maximale pr\u00e9vue par le fabricant.<\/span><\/span><\/div>\n<div class=\"clear\"><span style=\"vertical-align: inherit;\"><span style=\"vertical-align: inherit;\">Les dispositifs de s\u00e9curit\u00e9 freins, descentes de charges, etc\u2026 seront test\u00e9s de la m\u00eame fa\u00e7on.<\/span><\/span><\/div>\n<div class=\"clear\"><span style=\"vertical-align: inherit;\"><span style=\"vertical-align: inherit;\">A l&#8217;aide d&#8217;une charge sup\u00e9rieure \u00e0 la capacit\u00e9 maximale d&#8217;utilisation (CMU) de l&#8217;appareil, une \u00e9preuve statique, c&#8217;est \u00e0 dire un (coefficient 1,25 de la CMU) et une \u00e9preuve dynamique (coeff. 1,1 de la CMU ) sont r\u00e9alis\u00e9s.<\/span><\/span><\/div>\n<div class=\"clear\">\u00a0<\/div>\n<\/section>\n<\/section>\n<\/div>\n<p><strong><span style=\"vertical-align: inherit;\"><span style=\"vertical-align: inherit;\">Les v\u00e9rifications de remise en service des appareils de levage, doit \u00eatre effectu\u00e9e dans les cas suivants:<\/span><\/span><\/strong><\/p>\n<p><span style=\"vertical-align: inherit;\"><span style=\"vertical-align: inherit;\">a) En cas de changement de site d&#8217;utilisation<\/span><\/span><\/p>\n<p><span style=\"vertical-align: inherit;\"><span style=\"vertical-align: inherit;\"><span style=\"vertical-align: inherit;\"><span style=\"vertical-align: inherit;\"><span style=\"vertical-align: inherit;\"><span style=\"vertical-align: inherit;\">b) En cas de changement de configuration ou de conditions d&#8217;utilisation, sur un m\u00eame site<\/span><\/span><\/span><\/span><\/span><\/span><\/p>\n<p><span style=\"vertical-align: inherit;\"><span style=\"vertical-align: inherit;\"><span style=\"vertical-align: inherit;\"><span style=\"vertical-align: inherit;\"><span style=\"vertical-align: inherit;\"><span style=\"vertical-align: inherit;\">c) A la suite d&#8217;un d\u00e9montage suivi d&#8217;un remontage de l&#8217;appareil de levage<\/span><\/span><\/span><\/span><\/span><\/span><\/p>\n<p><span style=\"vertical-align: inherit;\"><span style=\"vertical-align: inherit;\"><span style=\"vertical-align: inherit;\"><span style=\"vertical-align: inherit;\"><span style=\"vertical-align: inherit;\"><span style=\"vertical-align: inherit;\">d) Apr\u00e8s tout remplacement, r\u00e9paration ou transformation importante visant les organes essentiels de l&#8217;appareil de levage<\/span><\/span><\/span><\/span><\/span><\/span><\/p>\n<p><span style=\"vertical-align: inherit;\"><span style=\"vertical-align: inherit;\"><span style=\"vertical-align: inherit;\"><span style=\"vertical-align: inherit;\"><span style=\"vertical-align: inherit;\"><span style=\"vertical-align: inherit;\">e) A la suite de tout accident provoqu\u00e9 par la d\u00e9faillance d&#8217;un organe essentiel de l&#8217;appareil de levage<\/span><\/span><\/span><\/span><\/span><\/span><\/p>\n<p><span style=\"vertical-align: inherit;\"><span style=\"vertical-align: inherit;\"><span style=\"vertical-align: inherit;\"><span style=\"vertical-align: inherit;\"><span style=\"vertical-align: inherit;\"><span style=\"vertical-align: inherit;\">Chaque v\u00e9rification de mat\u00e9riel est effectu\u00e9e avec un peson \u00e9lectronique de fa\u00e7on \u00e0 pouvoir apporter le maximum d&#8217;efficacit\u00e9 sur la CMU (Charge Maximum Utilisable).<\/span><\/span><\/span><\/span><\/span><\/span><\/p>\n<p><strong><span style=\"vertical-align: inherit;\"><span style=\"vertical-align: inherit;\"><span style=\"vertical-align: inherit;\"><span style=\"vertical-align: inherit;\"><span style=\"vertical-align: inherit;\"><span style=\"vertical-align: inherit;\">Un rapport est \u00e9tabli pour chaque contr\u00f4le.<\/span><\/span><\/span><\/span><\/span><\/span><\/strong><\/p>\n\n\n<figure class=\"wp-block-image size-large\"><img decoding=\"async\" src=\"http:\/\/vgp-services.fr\/wp-content\/uploads\/2020\/01\/IMG_0459-768x1024.jpg\" alt=\"\" class=\"wp-image-255\"\/><\/figure>\n","protected":false},"excerpt":{"rendered":"<p>La visite g\u00e9n\u00e9rale p\u00e9riodique des v\u00e9rifications par appareil (VGP)\u00a0 Le contr\u00f4le se fait tous les 6 mois sur: Tous les engins destin\u00e9s \u00e0 effectuer des op\u00e9rations de levage, c&#8217;est \u00e0 dire: Les t\u00e9lescopiques, les chariots \u00e9l\u00e9vateurs, les hayons \u00e9l\u00e9vateurs, les grues de chargement, les engins de terrassement \u00e9quip\u00e9s de fonction de levage, les chargeurs frontaux &hellip; <\/p>\n<p class=\"link-more\"><a href=\"https:\/\/vgp-services.fr\/index.php\/levage\/\" class=\"more-link\">Continue reading<span class=\"screen-reader-text\"> &#8220;Levage : principe et r\u00e9glementation&#8221;<\/span><\/a><\/p>\n","protected":false},"author":1,"featured_media":0,"parent":0,"menu_order":0,"comment_status":"closed","ping_status":"closed","template":"","meta":[],"_links":{"self":[{"href":"https:\/\/vgp-services.fr\/index.php\/wp-json\/wp\/v2\/pages\/94"}],"collection":[{"href":"https:\/\/vgp-services.fr\/index.php\/wp-json\/wp\/v2\/pages"}],"about":[{"href":"https:\/\/vgp-services.fr\/index.php\/wp-json\/wp\/v2\/types\/page"}],"author":[{"embeddable":true,"href":"https:\/\/vgp-services.fr\/index.php\/wp-json\/wp\/v2\/users\/1"}],"replies":[{"embeddable":true,"href":"https:\/\/vgp-services.fr\/index.php\/wp-json\/wp\/v2\/comments?post=94"}],"version-history":[{"count":21,"href":"https:\/\/vgp-services.fr\/index.php\/wp-json\/wp\/v2\/pages\/94\/revisions"}],"predecessor-version":[{"id":297,"href":"https:\/\/vgp-services.fr\/index.php\/wp-json\/wp\/v2\/pages\/94\/revisions\/297"}],"wp:attachment":[{"href":"https:\/\/vgp-services.fr\/index.php\/wp-json\/wp\/v2\/media?parent=94"}],"curies":[{"name":"wp","href":"https:\/\/api.w.org\/{rel}","templated":true}]}}

Levage : principe et réglementation

<figure class="wp-block-image size-large"><img decoding="async" loading="lazy" width="1024" height="768" src="http://vgp-services.fr/wp-content/uploads/2020/01/IMG_0419-1024x768.jpg" alt="" class="wp-image-281" srcset="https://vgp-services.fr/wp-content/uploads/2020/01/IMG_0419-1024x768.jpg 1024w, https://vgp-services.fr/wp-content/uploads/2020/01/IMG_0419-300x225.jpg 300w, https://vgp-services.fr/wp-content/uploads/2020/01/IMG_0419-768x576.jpg 768w, https://vgp-services.fr/wp-content/uploads/2020/01/IMG_0419-1536x1152.jpg 1536w, https://vgp-services.fr/wp-content/uploads/2020/01/IMG_0419-2048x1536.jpg 2048w" sizes="(max-width: 767px) 89vw, (max-width: 1000px) 54vw, (max-width: 1071px) 543px, 580px" /></figure>


<p><strong><img decoding="async" loading="lazy" class="alignnone size-full wp-image-84" src="http://vgp-services.fr/wp-content/uploads/2017/02/cropped-cropped-téléchargement-1.jpg" alt="" width="250" height="250" srcset="https://vgp-services.fr/wp-content/uploads/2017/02/cropped-cropped-téléchargement-1.jpg 250w, https://vgp-services.fr/wp-content/uploads/2017/02/cropped-cropped-téléchargement-1-150x150.jpg 150w, https://vgp-services.fr/wp-content/uploads/2017/02/cropped-cropped-téléchargement-1-100x100.jpg 100w" sizes="(max-width: 250px) 100vw, 250px" /></strong></p>
<p><strong><span style="vertical-align: inherit;"><span style="vertical-align: inherit;"><span style="vertical-align: inherit;"><span style="vertical-align: inherit;"><span style="vertical-align: inherit;"><span style="vertical-align: inherit;">La visite générale périodique des vérifications par appareil (VGP) </span></span></span></span></span></span></strong></p>
<p><strong><span style="vertical-align: inherit;"><span style="vertical-align: inherit;"><span style="vertical-align: inherit;"><span style="vertical-align: inherit;"><span style="vertical-align: inherit;"><span style="vertical-align: inherit;">Le contrôle se fait tous les 6 mois sur:</span></span></span></span></span></span></strong></p>
<p><span style="vertical-align: inherit;"><span style="vertical-align: inherit;"><span style="vertical-align: inherit;"><span style="vertical-align: inherit;"><span style="vertical-align: inherit;"><span style="vertical-align: inherit;">Tous les engins destinés à effectuer des opérations de levage, c&#8217;est à dire:</span></span></span></span></span></span></p>
<p><span style="vertical-align: inherit;"><span style="vertical-align: inherit;"><span style="vertical-align: inherit;"><span style="vertical-align: inherit;"><span style="vertical-align: inherit;"><span style="vertical-align: inherit;">Les télescopiques, les chariots élévateurs, les hayons élévateurs, les grues de chargement, les engins de terrassement équipés de fonction de levage, les chargeurs frontaux sur tracteur par exemple ou les plaques-formes élévatrices mobiles de personnel (nacelles, PEMP), table élévatrice &#8230;.</span></span></span></span></span></span></p>
<p><strong><span style="vertical-align: inherit;"><span style="vertical-align: inherit;"><span style="vertical-align: inherit;"><span style="vertical-align: inherit;"><span style="vertical-align: inherit;"><span style="vertical-align: inherit;">Les contrôles tous les 12 mois sur:</span></span></span></span></span></span></strong></p>
<p><span style="vertical-align: inherit;"><span style="vertical-align: inherit;"><span style="vertical-align: inherit;"><span style="vertical-align: inherit;"><span style="vertical-align: inherit;"><span style="vertical-align: inherit;">Tous les engins de chantiers n&#8217;effectuent aucune opération de levage:</span></span></span></span></span></span></p>
<p><span style="vertical-align: inherit;"><span style="vertical-align: inherit;"><span style="vertical-align: inherit;"><span style="vertical-align: inherit;"><span style="vertical-align: inherit;"><span style="vertical-align: inherit;">Les pelles, les mini pelles, les chargeuses, les tracto-pelles…</span></span></span></span></span></span></p>
<p><span style="vertical-align: inherit;"><span style="vertical-align: inherit;"><span style="vertical-align: inherit;"><span style="vertical-align: inherit;"><span style="vertical-align: inherit;"><span style="vertical-align: inherit;">Mais aussi sur les ponts roulants (tous les 6 mois pour les changements de site, appareil sans support particulier), portique de chantier, les accessoires de levage (élingues en câble, chaîne et fibre textile, dispositif de préhension de charge: palonnier, pince &#8230;)</span></span></span></span></span></span></p>
<h2><strong><span style="vertical-align: inherit;"><span style="vertical-align: inherit;"><span style="vertical-align: inherit;"><span style="vertical-align: inherit;"><span style="vertical-align: inherit;"><span style="vertical-align: inherit;">Textes réglementaires:</span></span></span></span></span></span></strong></h2>
<h2><a href="http://www.legifrance.gouv.fr/affichTexte.do?cidTexte=JORFTEXT000000439029&amp;dateTexte=" target="_blank" rel="noopener noreferrer"><span style="vertical-align: inherit;"><span style="vertical-align: inherit;"><span style="vertical-align: inherit;"><span style="vertical-align: inherit;"><span style="vertical-align: inherit;"><span style="vertical-align: inherit;">Arrêté du 1 mars 2004 relatif aux vérifications des appareils et accessoires de levage</span></span></span></span></span></span></a></h2>
<p><strong><span style="vertical-align: inherit;"><span style="vertical-align: inherit;"><span style="vertical-align: inherit;"><span style="vertical-align: inherit;"><span style="vertical-align: inherit;"><span style="vertical-align: inherit;">La mise en service:</span></span></span></span></span></span></strong></p>
<div class="side_pad_left">
<section class="text_content grid_7">
<section class="box open">
<div class="clear"><span style="font-size: 1rem;"><span style="vertical-align: inherit;"><span style="vertical-align: inherit;"><span style="vertical-align: inherit;"><span style="vertical-align: inherit;"><span style="vertical-align: inherit;"><span style="vertical-align: inherit;">Cette vérification est obligatoire lors de la mise sur le marché de l&#8217;appareil (appareil neuf) ou lorsque l&#8217;appareil n&#8217;est pas conforme aux normes européennes (CE).</span></span></span></span></span></span></span></div>
<div class="clear"><span style="vertical-align: inherit;"><span style="vertical-align: inherit;"><span style="vertical-align: inherit;"><span style="vertical-align: inherit;"><span style="vertical-align: inherit;"><span style="vertical-align: inherit;">Dans la plupart des cas, elle est réalisée par le fabriquant.</span></span></span></span></span></span></div>
<div class="clear"><span style="vertical-align: inherit;"><span style="vertical-align: inherit;">Cette vérification consiste en une série d&#8217;examens visuels et fonctionnels, s&#8217;assurant que l&#8217;appareil répond aux conditions d&#8217;utilisation, qu&#8217;il est monté de façon sûre, et que tous les éléments fonctionnels testés dans les conditions les plus défavorables répondent à la capacité maximale prévue par le fabricant.</span></span></div>
<div class="clear"><span style="vertical-align: inherit;"><span style="vertical-align: inherit;">Les dispositifs de sécurité freins, descentes de charges, etc… seront testés de la même façon.</span></span></div>
<div class="clear"><span style="vertical-align: inherit;"><span style="vertical-align: inherit;">A l&#8217;aide d&#8217;une charge supérieure à la capacité maximale d&#8217;utilisation (CMU) de l&#8217;appareil, une épreuve statique, c&#8217;est à dire un (coefficient 1,25 de la CMU) et une épreuve dynamique (coeff. 1,1 de la CMU ) sont réalisés.</span></span></div>
<div class="clear"> </div>
</section>
</section>
</div>
<p><strong><span style="vertical-align: inherit;"><span style="vertical-align: inherit;">Les vérifications de remise en service des appareils de levage, doit être effectuée dans les cas suivants:</span></span></strong></p>
<p><span style="vertical-align: inherit;"><span style="vertical-align: inherit;">a) En cas de changement de site d&#8217;utilisation</span></span></p>
<p><span style="vertical-align: inherit;"><span style="vertical-align: inherit;"><span style="vertical-align: inherit;"><span style="vertical-align: inherit;"><span style="vertical-align: inherit;"><span style="vertical-align: inherit;">b) En cas de changement de configuration ou de conditions d&#8217;utilisation, sur un même site</span></span></span></span></span></span></p>
<p><span style="vertical-align: inherit;"><span style="vertical-align: inherit;"><span style="vertical-align: inherit;"><span style="vertical-align: inherit;"><span style="vertical-align: inherit;"><span style="vertical-align: inherit;">c) A la suite d&#8217;un démontage suivi d&#8217;un remontage de l&#8217;appareil de levage</span></span></span></span></span></span></p>
<p><span style="vertical-align: inherit;"><span style="vertical-align: inherit;"><span style="vertical-align: inherit;"><span style="vertical-align: inherit;"><span style="vertical-align: inherit;"><span style="vertical-align: inherit;">d) Après tout remplacement, réparation ou transformation importante visant les organes essentiels de l&#8217;appareil de levage</span></span></span></span></span></span></p>
<p><span style="vertical-align: inherit;"><span style="vertical-align: inherit;"><span style="vertical-align: inherit;"><span style="vertical-align: inherit;"><span style="vertical-align: inherit;"><span style="vertical-align: inherit;">e) A la suite de tout accident provoqué par la défaillance d&#8217;un organe essentiel de l&#8217;appareil de levage</span></span></span></span></span></span></p>
<p><span style="vertical-align: inherit;"><span style="vertical-align: inherit;"><span style="vertical-align: inherit;"><span style="vertical-align: inherit;"><span style="vertical-align: inherit;"><span style="vertical-align: inherit;">Chaque vérification de matériel est effectuée avec un peson électronique de façon à pouvoir apporter le maximum d&#8217;efficacité sur la CMU (Charge Maximum Utilisable).</span></span></span></span></span></span></p>
<p><strong><span style="vertical-align: inherit;"><span style="vertical-align: inherit;"><span style="vertical-align: inherit;"><span style="vertical-align: inherit;"><span style="vertical-align: inherit;"><span style="vertical-align: inherit;">Un rapport est établi pour chaque contrôle.</span></span></span></span></span></span></strong></p>


<figure class="wp-block-image size-large"><img decoding="async" src="http://vgp-services.fr/wp-content/uploads/2020/01/IMG_0459-768x1024.jpg" alt="" class="wp-image-255"/></figure>

<p>La visite générale périodique des vérifications par appareil (VGP)  Le contrôle se fait tous les 6 mois sur: Tous les engins destinés à effectuer des opérations de levage, c&#8217;est à dire: Les télescopiques, les chariots élévateurs, les hayons élévateurs, les grues de chargement, les engins de terrassement équipés de fonction de levage, les chargeurs frontaux &hellip; </p>
<p class="link-more"><a href="https://vgp-services.fr/index.php/levage/" class="more-link">Continue reading<span class="screen-reader-text"> &#8220;Levage : principe et réglementation&#8221;</span></a></p>
